ommon factor of 25748 and 246?
82
Calculate the greatest common factor of 1739592 and 666.
666
What is the highest common divisor of 749097 and 9?
9
What is the greatest common divisor of 364 and 13748?
28
What is the greatest common divisor of 46 and 24380?
46
What is the highest common factor of 89 and 223835?
89
What is the greatest common factor of 1285662 and 2058?
294
Calculate the greatest common factor of 188454 and 1344.
42
What is the highest common divisor of 715087 and 1?
1
Calculate the greatest common divisor of 58980 and 120.
60
Calculate the greatest common factor of 6773 and 527773.
521
What is the highest common divisor of 11 and 331991?
11
Calculate the highest common factor of 650 and 290.
10
Calculate the greatest common divisor of 21555 and 139389.
1437
What is the highest common factor of 351 and 1269?
27
Calculate the highest common divisor of 20685 and 6501.
591
Calculate the highest common factor of 27716 and 416.
52
Calculate the highest common divisor of 45 and 144.
9
Calculate the greatest common divisor of 8200 and 205492.
164
Calculate the greatest common factor of 122841 and 873.
9
What is the highest common factor of 346 and 56917?
173
What is the greatest common factor of 12264 and 2856?
168
Calculate the greatest common divisor of 1442 and 686.
14
What is the greatest common factor of 819 and 728?
91
What is the greatest common divisor of 68 and 83538?
34
Calculate the greatest common factor of 5695 and 14705.
85
What is the highest common factor of 76874 and 42?
14
What is the greatest common divisor of 624 and 1549808?
208
What is the highest common divisor of 1125 and 17125?
125
What is the greatest common divisor of 21111 and 3?
3
What is the greatest common divisor of 34879 and 533?
13
Calculate the highest common divisor of 847480 and 1000.
40
Calculate the greatest common divisor of 118580 and 10.
10
What is the greatest common divisor of 280 and 3304?
56
What is the greatest common divisor of 34201 and 943?
23
Calculate the highest common divisor of 18135 and 1705.
155
Calculate the highest common divisor of 682894 and 6.
2
What is the highest common divisor of 118 and 179242?
118
Calculate the greatest common factor of 174 and 67048.
58
What is the greatest common factor of 1665 and 29385?
45
What is the highest common divisor of 1077006 and 210?
42
What is the highest common factor of 48101 and 1751?
103
What is the highest common factor of 4047 and 176577?
213
Calculate the highest common factor of 1029 and 92953.
343
What is the highest common factor of 864 and 4842?
18
What is the highest common factor of 3368 and 161243?
421
What is the greatest common divisor of 135 and 7947?
9
What is the greatest common factor of 16 and 1549552?
16
Calculate the greatest common factor of 91518 and 42.
42
Calculate the highest common divisor of 41160 and 2280.
120
What is the greatest common factor of 924 and 34188?
924
What is the highest common divisor of 18758 and 2075?
83
Calculate the highest common factor of 36879 and 18763.
647
Calculate the highest common divisor of 164879 and 429.
143
Calculate the highest common divisor of 45603 and 15.
3
Calculate the highest common factor of 913055 and 195.
65
Calculate the greatest common factor of 89295 and 30.
15
What is the greatest common divisor of 93 and 9618?
3
Calculate the highest common divisor of 2264 and 654862.
566
Calculate the greatest common divisor of 2365 and 129860.
215
Calculate the highest common factor of 14 and 643706.
14
Calculate the greatest common factor of 43992 and 1638.
234
What is the greatest common divisor of 3451633 and 3243?
1081
Calculate the highest common divisor of 1210725 and 45.
45
What is the highest common factor of 70372 and 438?
146
What is the greatest common factor of 34510 and 15?
5
What is the highest common factor of 1486820 and 340?
340
Calculate the greatest common factor of 118111 and 3231.
359
What is the greatest common divisor of 1513986 and 3?
3
What is the greatest common divisor of 11 and 310728?
11
What is the greatest common factor of 854 and 10990?
14
What is the highest common divisor of 80180 and 95?
95
Calculate the highest common factor of 99 and 1373493.
33
What is the highest common factor of 187 and 459?
17
Calculate the highest common factor of 120771 and 2485.
497
What is the highest common divisor of 37610 and 320?
10
Calculate the highest common factor of 1935 and 4905.
45
Calculate the greatest common divisor of 4419403 and 3057.
1019
What is the greatest common factor of 207 and 728847?
207
What is the greatest common factor of 145 and 33843?
29
Calculate the greatest common divisor of 10 and 227770.
10
Calculate the greatest common divisor of 36 and 759141.
9
Calculate the highest common factor of 150 and 459900.
150
Calculate the highest common factor of 340880 and 560.
80
What is the highest common divisor of 191390 and 270?
10
Calculate the highest common factor of 14058 and 1165252.
1562
What is the highest common divisor of 5248545 and 15?
15
Calculate the highest common factor of 2688271 and 29.
29
Calculate the greatest common divisor of 262361 and 366.
61
What is the greatest common divisor of 8618 and 1529?
139
What is the highest common divisor of 755 and 290?
5
What is the highest common factor of 2938 and 2002?
26
What is the highest common divisor of 10841 and 37?
37
What is the greatest common factor of 238 and 49630?
14
Calculate the greatest common divisor of 132500 and 6360.
1060
Calculate the greatest common factor of 1788730 and 30.
10
Calculate the greatest common divisor of 7081611 and 213.
213
What is the highest common factor of 16 and 670648?
8
What is the greatest common divisor of 1126817 and 107?
107
What is the greatest common divisor of 618 and 78486?
618
Calculate the greatest common divisor of 97774 and 744.
62
Calculate the greatest common divisor of 410 and 1257142.
82
What is the greatest common divisor of 61 and 187331?
61
What is the greatest common divisor of 320 and 25820?
20
What is the highest common factor of 70060 and 32544?
452
What is the greatest common factor of 2128 and 4088?
56
Calculate the highest common factor of 1041585 and 60.
15
What is the greatest common divisor of 9779 and 298958?
1397
Calculate the highest common divisor of 17434 and 5612.
46
What is the highest common divisor of 428328 and 4050?
162
What is the highest common factor of 62135 and 106063?
289
What is the highest common divisor of 4002 and 167040?
174
Calculate the greatest common divisor of 3683 and 696.
29
What is the greatest common divisor of 679 and 534373?
679
What is the highest common factor of 23954256 and 144?
144
What is the greatest common divisor of 10992 and 40?
8
What is the greatest common factor of 126 and 6527808?
126
Calculate the greatest common factor of 18 and 195462.
18
What is the highest common factor of 18 and 863118?
18
What is the highest common divisor of 297 and 704?
11
What is the greatest common divisor of 326129 and 404?
101
Calculate the greatest common divisor of 6 and 69702.
6
Calculate the greatest common factor of 7675 and 7061.
307
Calculate the greatest common divisor of 557610 and 60.
30
Calculate the greatest common factor of 54830 and 140.
10
Calculate the highest common factor of 38531 and 87967.
727
What is the greatest common factor of 2841 and 4612837?
947
What is the highest common divisor of 30 and 600330?
30
Calculate the highest common factor of 2407126 and 1582.
226
Calculate the highest common divisor of 135 and 48795.
15
Calculate the highest common divisor of 361590 and 170.
170
What is the highest common factor of 4920 and 210248?
328
Calculate the greatest common factor of 378 and 7587.
27
What is the highest common divisor of 3332 and 14518?
238
What is the highest common factor of 113 and 867727?
113
What is the highest common divisor of 434 and 12834?
62
What is the highest common factor of 1323 and 183?
3
What is the greatest common divisor of 19642 and 4697?
427
What is the greatest common divisor of 107478 and 84?
42
What is the highest common divisor of 36990 and 54?
54
What is the greatest common divisor of 630 and 855?
45
What is the highest common factor of 22375 and 30251?
179
What is the greates